{"id":1331,"date":"2025-08-08T15:43:43","date_gmt":"2025-08-08T20:43:43","guid":{"rendered":"https:\/\/arlimind.com\/?post_type=product&#038;p=1331"},"modified":"2025-08-08T15:43:43","modified_gmt":"2025-08-08T20:43:43","slug":"parrilla-electrica","status":"publish","type":"product","link":"https:\/\/arlimind.com\/index.php\/producto\/parrilla-electrica\/","title":{"rendered":"Parrilla El\u00e9ctrica"},"content":{"rendered":"<p>La sart\u00e9n el\u00e9ctrica de cer\u00e1mica antiadherente es una soluci\u00f3n vers\u00e1til y pr\u00e1ctica para preparar una amplia variedad de recetas sin necesidad de usar la estufa. Su cuerpo de aluminio garantiza una distribuci\u00f3n uniforme del calor, mientras que el recubrimiento cer\u00e1mico antiadherente evita que los alimentos se peguen y facilita la limpieza. Equipada con tapa de vidrio templado, permite supervisar la cocci\u00f3n sin perder calor o humedad. Su controlador de temperatura ajustable alcanza hasta 460 \u00b0F (aprox. 238 \u00b0C), ideal para fre\u00edr, saltear o mantener los alimentos calientes. Con 1400 vatios de potencia y dimensiones de 18 cm de alto, 34 cm de ancho y 31 cm de profundidad, ofrece un dise\u00f1o compacto, funcional y eficiente para el uso diario en cualquier cocina.<\/p>\n","protected":false},"excerpt":{"rendered":"<p>La sart\u00e9n el\u00e9ctrica de cer\u00e1mica antiadherente combina potencia, practicidad y un dise\u00f1o moderno para cocinar de forma sencilla y eficiente. Con 1400 vatios y un control de temperatura ajustable que alcanza hasta 460 \u00b0F (238 \u00b0C), es perfecta para fre\u00edr, saltear o mantener tus comidas calientes. Su cuerpo de aluminio asegura una distribuci\u00f3n uniforme del calor, mientras que el revestimiento cer\u00e1mico evita que los alimentos se adhieran, facilitando la limpieza. La tapa de vidrio templado permite vigilar la cocci\u00f3n sin interrupciones. Con medidas de 18 \u00d7 34 \u00d7 31 cm, es compacta pero espaciosa, ideal para cualquier cocina moderna que busque comodidad y resultados deliciosos.<\/p>\n","protected":false},"featured_media":1332,"template":"","meta":[],"product_brand":[],"product_cat":[33],"product_tag":[],"class_list":{"0":"post-1331","1":"product","2":"type-product","3":"status-publish","4":"has-post-thumbnail","6":"product_cat-hogar","8":"first","9":"instock","10":"shipping-taxable","11":"purchasable","12":"product-type-simple"},"_links":{"self":[{"href":"https:\/\/arlimind.com\/index.php\/wp-json\/wp\/v2\/product\/1331","targetHints":{"allow":["GET"]}}],"collection":[{"href":"https:\/\/arlimind.com\/index.php\/wp-json\/wp\/v2\/product"}],"about":[{"href":"https:\/\/arlimind.com\/index.php\/wp-json\/wp\/v2\/types\/product"}],"wp:featuredmedia":[{"embeddable":true,"href":"https:\/\/arlimind.com\/index.php\/wp-json\/wp\/v2\/media\/1332"}],"wp:attachment":[{"href":"https:\/\/arlimind.com\/index.php\/wp-json\/wp\/v2\/media?parent=1331"}],"wp:term":[{"taxonomy":"product_brand","embeddable":true,"href":"https:\/\/arlimind.com\/index.php\/wp-json\/wp\/v2\/product_brand?post=1331"},{"taxonomy":"product_cat","embeddable":true,"href":"https:\/\/arlimind.com\/index.php\/wp-json\/wp\/v2\/product_cat?post=1331"},{"taxonomy":"product_tag","embeddable":true,"href":"https:\/\/arlimind.com\/index.php\/wp-json\/wp\/v2\/product_tag?post=1331"}],"curies":[{"name":"wp","href":"https:\/\/api.w.org\/{rel}","templated":true}]}}