{"id":1613,"date":"2025-08-15T17:12:58","date_gmt":"2025-08-15T22:12:58","guid":{"rendered":"https:\/\/arlimind.com\/?post_type=product&#038;p=1613"},"modified":"2025-08-15T17:12:58","modified_gmt":"2025-08-15T22:12:58","slug":"morral-pass","status":"publish","type":"product","link":"https:\/\/arlimind.com\/index.php\/producto\/morral-pass\/","title":{"rendered":"Morral Pass"},"content":{"rendered":"<p data-start=\"49\" data-end=\"1361\">Este morral est\u00e1 dise\u00f1ado para ofrecer funcionalidad, seguridad y estilo en un solo producto. Fabricado en resistente poli\u00e9ster liner, garantiza durabilidad frente al uso diario y protecci\u00f3n contra el desgaste. Su dise\u00f1o incorpora <strong data-start=\"322\" data-end=\"349\">dos bolsillos frontales<\/strong> de f\u00e1cil acceso, ideales para almacenar objetos peque\u00f1os como llaves, billetera o documentos, as\u00ed como <strong data-start=\"453\" data-end=\"476\">un bolsillo lateral<\/strong> perfecto para llevar botellas o termos. Incluye una <strong data-start=\"529\" data-end=\"549\">l\u00ednea reflectiva<\/strong>, que aumenta la visibilidad y seguridad durante la noche o en condiciones de poca luz. El <strong data-start=\"640\" data-end=\"667\">compartimento principal<\/strong> es amplio y cuenta con un <strong data-start=\"694\" data-end=\"740\" data-is-only-node=\"\">bolsillo interno especializado para laptop<\/strong>, que brinda soporte y protecci\u00f3n a tu equipo, evitando golpes o rayones. Su estructura est\u00e1 pensada para distribuir el peso de manera equilibrada, ofreciendo mayor comodidad al transportarlo. Este morral es perfecto tanto para actividades diarias como para viajes cortos, uso escolar, universitario o laboral. Su dise\u00f1o moderno y vers\u00e1til se adapta a diferentes estilos y contextos, mientras que su material y acabados aseguran un producto confiable y duradero. Es la combinaci\u00f3n ideal de practicidad, seguridad y est\u00e9tica para quienes necesitan llevar sus pertenencias de forma organizada y protegida en todo momento.<\/p>\n","protected":false},"excerpt":{"rendered":"<p data-start=\"1249\" data-end=\"2006\">Morral en resistente poli\u00e9ster liner, ideal para uso diario, escolar o laboral. Cuenta con <strong data-start=\"1501\" data-end=\"1528\">dos bolsillos frontales<\/strong> de f\u00e1cil acceso, <strong data-start=\"1546\" data-end=\"1569\">un bolsillo lateral<\/strong> para botellas o termos y una <strong data-start=\"1599\" data-end=\"1619\">l\u00ednea reflectiva<\/strong> para mayor visibilidad en la noche. Su <strong data-start=\"1659\" data-end=\"1686\">compartimento principal<\/strong> es amplio e incluye un <strong data-start=\"1710\" data-end=\"1742\" data-is-only-node=\"\">bolsillo interno para laptop<\/strong>, que protege tu equipo de golpes y rayones. Dise\u00f1ado para ofrecer comodidad y durabilidad, distribuye el peso de manera equilibrada y mantiene tus pertenencias organizadas. Con un estilo moderno y vers\u00e1til, es perfecto para quienes buscan seguridad, funcionalidad y un toque de dise\u00f1o en un solo accesorio.<\/p>\n","protected":false},"featured_media":1634,"template":"","meta":[],"product_brand":[],"product_cat":[34],"product_tag":[],"class_list":{"0":"post-1613","1":"product","2":"type-product","3":"status-publish","4":"has-post-thumbnail","6":"product_cat-oficina-y-papeleria","8":"first","9":"instock","10":"shipping-taxable","11":"purchasable","12":"product-type-variable"},"_links":{"self":[{"href":"https:\/\/arlimind.com\/index.php\/wp-json\/wp\/v2\/product\/1613","targetHints":{"allow":["GET"]}}],"collection":[{"href":"https:\/\/arlimind.com\/index.php\/wp-json\/wp\/v2\/product"}],"about":[{"href":"https:\/\/arlimind.com\/index.php\/wp-json\/wp\/v2\/types\/product"}],"wp:featuredmedia":[{"embeddable":true,"href":"https:\/\/arlimind.com\/index.php\/wp-json\/wp\/v2\/media\/1634"}],"wp:attachment":[{"href":"https:\/\/arlimind.com\/index.php\/wp-json\/wp\/v2\/media?parent=1613"}],"wp:term":[{"taxonomy":"product_brand","embeddable":true,"href":"https:\/\/arlimind.com\/index.php\/wp-json\/wp\/v2\/product_brand?post=1613"},{"taxonomy":"product_cat","embeddable":true,"href":"https:\/\/arlimind.com\/index.php\/wp-json\/wp\/v2\/product_cat?post=1613"},{"taxonomy":"product_tag","embeddable":true,"href":"https:\/\/arlimind.com\/index.php\/wp-json\/wp\/v2\/product_tag?post=1613"}],"curies":[{"name":"wp","href":"https:\/\/api.w.org\/{rel}","templated":true}]}}